{"id":390,"date":"2025-01-30T11:23:01","date_gmt":"2025-01-30T10:23:01","guid":{"rendered":"http:\/\/cantinamarseille.com\/?page_id=390"},"modified":"2025-04-03T16:01:10","modified_gmt":"2025-04-03T14:01:10","slug":"recup-de-dons-fruits-legumes","status":"publish","type":"page","link":"https:\/\/cantinamarseille.com\/index.php\/recup-de-dons-fruits-legumes\/","title":{"rendered":"R\u00e9cup\u00e9ration de fruits\/l\u00e9gumes"},"content":{"rendered":"\t\t<div data-elementor-type=\"wp-page\" data-elementor-id=\"390\" class=\"elementor elementor-390\" data-elementor-settings=\"[]\">\n\t\t\t\t\t\t<div class=\"elementor-inner\">\n\t\t\t\t\t\t\t<div class=\"elementor-section-wrap\">\n\t\t\t\t\t\t\t<section class=\"elementor-section elementor-top-section elementor-element elementor-element-34ca862 elementor-section-boxed elementor-section-height-default elementor-section-height-default\" data-id=\"34ca862\" data-element_type=\"section\">\n\t\t\t\t\t\t<div class=\"elementor-container elementor-column-gap-default\">\n\t\t\t\t\t\t\t<div class=\"elementor-row\">\n\t\t\t\t\t<div class=\"elementor-column elementor-col-100 elementor-top-column elementor-element elementor-element-6feab67\" data-id=\"6feab67\" data-element_type=\"column\">\n\t\t\t<div class=\"elementor-column-wrap elementor-element-populated\">\n\t\t\t\t\t\t\t<div class=\"elementor-widget-wrap\">\n\t\t\t\t\t\t<div class=\"elementor-element elementor-element-e824870 elementor-widget elementor-widget-image\" data-id=\"e824870\" data-element_type=\"widget\" data-widget_type=\"image.default\">\n\t\t\t\t<div class=\"elementor-widget-container\">\n\t\t\t\t\t<div class=\"elementor-image\">\n\t\t\t\t\t\t\t\t\t\t<img loading=\"lazy\" decoding=\"async\" width=\"2048\" height=\"591\" src=\"https:\/\/cantinamarseille.com\/wp-content\/uploads\/2025\/04\/CHAINE-RECUP-.png\" class=\"attachment-full size-full\" alt=\"\" srcset=\"https:\/\/cantinamarseille.com\/wp-content\/uploads\/2025\/04\/CHAINE-RECUP-.png 2048w, https:\/\/cantinamarseille.com\/wp-content\/uploads\/2025\/04\/CHAINE-RECUP--600x173.png 600w, https:\/\/cantinamarseille.com\/wp-content\/uploads\/2025\/04\/CHAINE-RECUP--300x87.png 300w, https:\/\/cantinamarseille.com\/wp-content\/uploads\/2025\/04\/CHAINE-RECUP--1024x296.png 1024w, https:\/\/cantinamarseille.com\/wp-content\/uploads\/2025\/04\/CHAINE-RECUP--768x222.png 768w, https:\/\/cantinamarseille.com\/wp-content\/uploads\/2025\/04\/CHAINE-RECUP--1536x443.png 1536w\" sizes=\"auto, (max-width: 2048px) 100vw, 2048px\" \/>\t\t\t\t\t\t\t\t\t\t\t<\/div>\n\t\t\t\t<\/div>\n\t\t\t\t<\/div>\n\t\t\t\t\t\t<\/div>\n\t\t\t\t\t<\/div>\n\t\t<\/div>\n\t\t\t\t\t\t\t\t<\/div>\n\t\t\t\t\t<\/div>\n\t\t<\/section>\n\t\t\t\t<section class=\"elementor-section elementor-top-section elementor-element elementor-element-82fb510 elementor-section-boxed elementor-section-height-default elementor-section-height-default\" data-id=\"82fb510\" data-element_type=\"section\">\n\t\t\t\t\t\t<div class=\"elementor-container elementor-column-gap-default\">\n\t\t\t\t\t\t\t<div class=\"elementor-row\">\n\t\t\t\t\t<div class=\"elementor-column elementor-col-33 elementor-top-column elementor-element elementor-element-81f63cc\" data-id=\"81f63cc\" data-element_type=\"column\">\n\t\t\t<div class=\"elementor-column-wrap elementor-element-populated\">\n\t\t\t\t\t\t\t<div class=\"elementor-widget-wrap\">\n\t\t\t\t\t\t<div class=\"elementor-element elementor-element-be3657a elementor-aspect-ratio-169 elementor-widget elementor-widget-video\" data-id=\"be3657a\" data-element_type=\"widget\" data-settings=\"{&quot;aspect_ratio&quot;:&quot;169&quot;}\" data-widget_type=\"video.default\">\n\t\t\t\t<div class=\"elementor-widget-container\">\n\t\t\t\t\t<div class=\"elementor-wrapper elementor-fit-aspect-ratio elementor-open-inline\">\n\t\t\t\t\t<video class=\"elementor-video\" src=\"http:\/\/cantinamarseille.com\/wp-content\/uploads\/2025\/02\/CONSORTIUM-PRESENTATION_1.mp4\" controls=\"\" controlsList=\"nodownload\" poster=\"http:\/\/cantinamarseille.com\/wp-content\/uploads\/2025\/02\/vlcsnap-2025-02-14-13h07m37s277.png\"><\/video>\n\t\t\t\t<\/div>\n\t\t\t\t<\/div>\n\t\t\t\t<\/div>\n\t\t\t\t<div class=\"elementor-element elementor-element-9304cca elementor-widget elementor-widget-image\" data-id=\"9304cca\" data-element_type=\"widget\" data-widget_type=\"image.default\">\n\t\t\t\t<div class=\"elementor-widget-container\">\n\t\t\t\t\t<div class=\"elementor-image\">\n\t\t\t\t\t\t\t\t\t\t<img loading=\"lazy\" decoding=\"async\" width=\"800\" height=\"600\" src=\"https:\/\/cantinamarseille.com\/wp-content\/uploads\/2025\/01\/WhatsApp-Image-2024-12-18-a-14.34.16_b5180bd1-1024x768.jpg\" class=\"attachment-large size-large\" alt=\"\" srcset=\"https:\/\/cantinamarseille.com\/wp-content\/uploads\/2025\/01\/WhatsApp-Image-2024-12-18-a-14.34.16_b5180bd1-1024x768.jpg 1024w, https:\/\/cantinamarseille.com\/wp-content\/uploads\/2025\/01\/WhatsApp-Image-2024-12-18-a-14.34.16_b5180bd1-600x450.jpg 600w, https:\/\/cantinamarseille.com\/wp-content\/uploads\/2025\/01\/WhatsApp-Image-2024-12-18-a-14.34.16_b5180bd1-300x225.jpg 300w, https:\/\/cantinamarseille.com\/wp-content\/uploads\/2025\/01\/WhatsApp-Image-2024-12-18-a-14.34.16_b5180bd1-768x576.jpg 768w, https:\/\/cantinamarseille.com\/wp-content\/uploads\/2025\/01\/WhatsApp-Image-2024-12-18-a-14.34.16_b5180bd1-1536x1152.jpg 1536w, https:\/\/cantinamarseille.com\/wp-content\/uploads\/2025\/01\/WhatsApp-Image-2024-12-18-a-14.34.16_b5180bd1.jpg 1600w\" sizes=\"auto, (max-width: 800px) 100vw, 800px\" \/>\t\t\t\t\t\t\t\t\t\t\t<\/div>\n\t\t\t\t<\/div>\n\t\t\t\t<\/div>\n\t\t\t\t<div class=\"elementor-element elementor-element-7b3ad11 elementor-widget elementor-widget-image\" data-id=\"7b3ad11\" data-element_type=\"widget\" data-widget_type=\"image.default\">\n\t\t\t\t<div class=\"elementor-widget-container\">\n\t\t\t\t\t<div class=\"elementor-image\">\n\t\t\t\t\t\t\t\t\t\t<img loading=\"lazy\" decoding=\"async\" width=\"800\" height=\"600\" src=\"https:\/\/cantinamarseille.com\/wp-content\/uploads\/2025\/01\/chambre-froide-1024x768.jpg\" class=\"attachment-large size-large\" alt=\"\" srcset=\"https:\/\/cantinamarseille.com\/wp-content\/uploads\/2025\/01\/chambre-froide-1024x768.jpg 1024w, https:\/\/cantinamarseille.com\/wp-content\/uploads\/2025\/01\/chambre-froide-600x450.jpg 600w, https:\/\/cantinamarseille.com\/wp-content\/uploads\/2025\/01\/chambre-froide-300x225.jpg 300w, https:\/\/cantinamarseille.com\/wp-content\/uploads\/2025\/01\/chambre-froide-768x576.jpg 768w, https:\/\/cantinamarseille.com\/wp-content\/uploads\/2025\/01\/chambre-froide-1536x1152.jpg 1536w, https:\/\/cantinamarseille.com\/wp-content\/uploads\/2025\/01\/chambre-froide.jpg 2048w\" sizes=\"auto, (max-width: 800px) 100vw, 800px\" \/>\t\t\t\t\t\t\t\t\t\t\t<\/div>\n\t\t\t\t<\/div>\n\t\t\t\t<\/div>\n\t\t\t\t<div class=\"elementor-element elementor-element-1e99424 elementor-widget elementor-widget-image\" data-id=\"1e99424\" data-element_type=\"widget\" data-widget_type=\"image.default\">\n\t\t\t\t<div class=\"elementor-widget-container\">\n\t\t\t\t\t<div class=\"elementor-image\">\n\t\t\t\t\t\t\t\t\t\t<img loading=\"lazy\" decoding=\"async\" width=\"768\" height=\"1024\" src=\"https:\/\/cantinamarseille.com\/wp-content\/uploads\/2025\/01\/TRI-CANEBIERE-OCT-20241-768x1024.jpeg\" class=\"attachment-large size-large\" alt=\"\" srcset=\"https:\/\/cantinamarseille.com\/wp-content\/uploads\/2025\/01\/TRI-CANEBIERE-OCT-20241-768x1024.jpeg 768w, https:\/\/cantinamarseille.com\/wp-content\/uploads\/2025\/01\/TRI-CANEBIERE-OCT-20241-600x800.jpeg 600w, https:\/\/cantinamarseille.com\/wp-content\/uploads\/2025\/01\/TRI-CANEBIERE-OCT-20241-225x300.jpeg 225w, https:\/\/cantinamarseille.com\/wp-content\/uploads\/2025\/01\/TRI-CANEBIERE-OCT-20241-1152x1536.jpeg 1152w, https:\/\/cantinamarseille.com\/wp-content\/uploads\/2025\/01\/TRI-CANEBIERE-OCT-20241.jpeg 1200w\" sizes=\"auto, (max-width: 768px) 100vw, 768px\" \/>\t\t\t\t\t\t\t\t\t\t\t<\/div>\n\t\t\t\t<\/div>\n\t\t\t\t<\/div>\n\t\t\t\t<div class=\"elementor-element elementor-element-9350622 elementor-widget elementor-widget-image\" data-id=\"9350622\" data-element_type=\"widget\" data-widget_type=\"image.default\">\n\t\t\t\t<div class=\"elementor-widget-container\">\n\t\t\t\t\t<div class=\"elementor-image\">\n\t\t\t\t\t\t\t\t\t\t<img loading=\"lazy\" decoding=\"async\" width=\"722\" height=\"794\" src=\"https:\/\/cantinamarseille.com\/wp-content\/uploads\/2025\/01\/WhatsApp-Image-2024-11-05-at-18.37.01.jpeg\" class=\"attachment-large size-large\" alt=\"\" srcset=\"https:\/\/cantinamarseille.com\/wp-content\/uploads\/2025\/01\/WhatsApp-Image-2024-11-05-at-18.37.01.jpeg 722w, https:\/\/cantinamarseille.com\/wp-content\/uploads\/2025\/01\/WhatsApp-Image-2024-11-05-at-18.37.01-600x660.jpeg 600w, https:\/\/cantinamarseille.com\/wp-content\/uploads\/2025\/01\/WhatsApp-Image-2024-11-05-at-18.37.01-273x300.jpeg 273w\" sizes=\"auto, (max-width: 722px) 100vw, 722px\" \/>\t\t\t\t\t\t\t\t\t\t\t<\/div>\n\t\t\t\t<\/div>\n\t\t\t\t<\/div>\n\t\t\t\t\t\t<\/div>\n\t\t\t\t\t<\/div>\n\t\t<\/div>\n\t\t\t\t<div class=\"elementor-column elementor-col-66 elementor-top-column elementor-element elementor-element-7dec08b\" data-id=\"7dec08b\" data-element_type=\"column\">\n\t\t\t<div class=\"elementor-column-wrap elementor-element-populated\">\n\t\t\t\t\t\t\t<div class=\"elementor-widget-wrap\">\n\t\t\t\t\t\t<div class=\"elementor-element elementor-element-aa17c83 elementor-widget elementor-widget-text-editor\" data-id=\"aa17c83\" data-element_type=\"widget\" data-widget_type=\"text-editor.default\">\n\t\t\t\t<div class=\"elementor-widget-container\">\n\t\t\t\t\t<div class=\"elementor-text-editor elementor-clearfix\"><h2>R\u00e9cup\u00e9ration et redistribution gratuite de fruits \/ l\u00e9gumes<\/h2><p><strong>Cantina \u0153uvre \u00e0 lutter contre la pr\u00e9carit\u00e9 alimentaire et le gaspillage en r\u00e9cup\u00e9rant, triant, valorisant et stockant des dons de denr\u00e9es avant de les redistribuer \u00e0 ses partenaires de l\u2019aide alimentaire ou \u00e0 des projets solidaires.<\/strong><\/p><h6>\u2014 Une cha\u00eene de r\u00e9cup\u00e9ration solidaire<\/h6><p>Les fruits et l\u00e9gumes que Cantina r\u00e9cup\u00e8re proviennent de dons de grossistes, producteurs\u00b7ices locales\u00b7aux, \u00e9piceries et magasins partenaires. Ces denr\u00e9es invendues en raison de leur format non standard, de leur \u00e9tat, ou de leur surproduction sont destin\u00e9es \u00e0 la perte. Par un travail de f\u00e9d\u00e9ration de r\u00e9seau, Cantina se positionne comme une alternative au gaspillage et se d\u00e9place dans la r\u00e9gion pour r\u00e9cup\u00e9rer ou cueillir les denr\u00e9es. <\/p><h6>\u2014 Le tri, un travail collectif et rigoureux gage de qualit\u00e9<\/h6><p>Chaque semaine, des b\u00e9n\u00e9voles de l\u2019association s\u2019investissent aux c\u00f4t\u00e9s des salari\u00e9\u00b7es dans le tri minutieux des denr\u00e9es collect\u00e9es. Cette \u00e9tape essentielle permet de garantir la qualit\u00e9 des fruits et l\u00e9gumes afin qu\u2019ils puissent \u00eatre consomm\u00e9s dans de conditions dignes par les b\u00e9n\u00e9ficiaires de la livraison.<\/p><h6>\u2014 Une distribution gratuite jusqu\u2019au dernier kilom\u00e8tre<\/h6><p>Les produits alimentaires collect\u00e9s par Cantina sont distribu\u00e9s dans un rayon de 10 kilom\u00e8tres autour du centre-ville gr\u00e2ce \u00e0 l\u2019action des Coursiers Solidaires \u00e0 V\u00e9lo, partenaire privil\u00e9gi\u00e9 de l\u2019association. Ce service de livraison permet d&#8217;acheminer les denr\u00e9es jusqu&#8217;aux structures de mani\u00e8re rapide et respectueuse de l&#8217;environnement.<\/p><h6>\u2014 Des distributions ajust\u00e9es aux besoins des structures<\/h6><p>Cantina et les Coursiers Solidaires \u00e0 V\u00e9lo entretiennent une relation directe et personnalis\u00e9e avec chaque structure b\u00e9n\u00e9ficiaire. Cela permet de s\u2019adapter aux fluctuations hebdomadaires, en termes de quantit\u00e9s et pr\u00e9f\u00e9rences alimentaires sp\u00e9cifiques, assurant ainsi une aide en ad\u00e9quation avec les besoins et pr\u00e9f\u00e9rences de chaque structure.<\/p><h6>\u2014 Les b\u00e9n\u00e9ficiaires<\/h6><p>Parmi les structures soutenues par Cantina, on retrouve notamment Vivres Solidaires, l&#8217;Arm\u00e9e du Salut, La Cuisine 101, le Secours Populaire, l&#8217;Accueil de jour femmes et enfants, Les Minots de Noailles et bien d\u2019autres. Ces acteur\u00b7ice\u00b7s de la solidarit\u00e9 interviennent dans des domaines vari\u00e9s : h\u00e9bergement d&#8217;urgence, distribution de colis alimentaires, maraudes, ateliers de cuisine collective, \u00e9piceries sociales et restaurants sociaux.<\/p><\/div>\n\t\t\t\t<\/div>\n\t\t\t\t<\/div>\n\t\t\t\t\t\t<\/div>\n\t\t\t\t\t<\/div>\n\t\t<\/div>\n\t\t\t\t\t\t\t\t<\/div>\n\t\t\t\t\t<\/div>\n\t\t<\/section>\n\t\t\t\t\t\t<\/div>\n\t\t\t\t\t\t<\/div>\n\t\t\t\t\t<\/div>\n\t\t","protected":false},"excerpt":{"rendered":"<p>http:\/\/cantinamarseille.com\/wp-content\/uploads\/2025\/02\/CONSORTIUM-PRESENTATION_1.mp4 R\u00e9cup\u00e9ration et redistribution gratuite de fruits \/ l\u00e9gumes Cantina \u0153uvre \u00e0 lutter contre la pr\u00e9carit\u00e9 alimentaire et le gaspillage en r\u00e9cup\u00e9rant, triant, valorisant et stockant des dons de denr\u00e9es avant de les redistribuer \u00e0 ses partenaires de l\u2019aide alimentaire ou \u00e0 des projets solidaires. \u2014 Une cha\u00eene de r\u00e9cup\u00e9ration solidaire Les fruits et l\u00e9gumes que Cantina r\u00e9cup\u00e8re proviennent de dons de grossistes, producteurs\u00b7ices locales\u00b7aux, \u00e9piceries et magasins partenaires. Ces denr\u00e9es invendues en raison de leur format non standard, de leur \u00e9tat, ou de leur surproduction sont destin\u00e9es \u00e0 la perte. Par un travail de f\u00e9d\u00e9ration de r\u00e9seau, Cantina se positionne comme une alternative au gaspillage et se d\u00e9place dans la r\u00e9gion pour r\u00e9cup\u00e9rer ou cueillir les denr\u00e9es. \u2014 Le tri, un travail collectif et rigoureux gage de qualit\u00e9 Chaque semaine, des b\u00e9n\u00e9voles de l\u2019association s\u2019investissent aux c\u00f4t\u00e9s des salari\u00e9\u00b7es dans le tri minutieux des denr\u00e9es collect\u00e9es. Cette \u00e9tape essentielle&hellip;<\/p>\n<p> <a class=\"more-link\" href=\"https:\/\/cantinamarseille.com\/index.php\/recup-de-dons-fruits-legumes\/\">Read more<\/a><\/p>\n","protected":false},"author":9,"featured_media":479,"parent":0,"menu_order":0,"comment_status":"closed","ping_status":"closed","template":"","meta":{"_monsterinsights_skip_tracking":false,"_monsterinsights_sitenote_active":false,"_monsterinsights_sitenote_note":"","_monsterinsights_sitenote_category":0,"_uf_show_specific_survey":0,"_uf_disable_surveys":false,"footnotes":""},"class_list":["post-390","page","type-page","status-publish","has-post-thumbnail"],"aioseo_notices":[],"_links":{"self":[{"href":"https:\/\/cantinamarseille.com\/index.php\/wp-json\/wp\/v2\/pages\/390","targetHints":{"allow":["GET"]}}],"collection":[{"href":"https:\/\/cantinamarseille.com\/index.php\/wp-json\/wp\/v2\/pages"}],"about":[{"href":"https:\/\/cantinamarseille.com\/index.php\/wp-json\/wp\/v2\/types\/page"}],"author":[{"embeddable":true,"href":"https:\/\/cantinamarseille.com\/index.php\/wp-json\/wp\/v2\/users\/9"}],"replies":[{"embeddable":true,"href":"https:\/\/cantinamarseille.com\/index.php\/wp-json\/wp\/v2\/comments?post=390"}],"version-history":[{"count":38,"href":"https:\/\/cantinamarseille.com\/index.php\/wp-json\/wp\/v2\/pages\/390\/revisions"}],"predecessor-version":[{"id":505,"href":"https:\/\/cantinamarseille.com\/index.php\/wp-json\/wp\/v2\/pages\/390\/revisions\/505"}],"wp:featuredmedia":[{"embeddable":true,"href":"https:\/\/cantinamarseille.com\/index.php\/wp-json\/wp\/v2\/media\/479"}],"wp:attachment":[{"href":"https:\/\/cantinamarseille.com\/index.php\/wp-json\/wp\/v2\/media?parent=390"}],"curies":[{"name":"wp","href":"https:\/\/api.w.org\/{rel}","templated":true}]}}