{"id":344,"date":"2025-01-30T10:35:13","date_gmt":"2025-01-30T09:35:13","guid":{"rendered":"http:\/\/cantinamarseille.com\/?page_id=344"},"modified":"2025-04-03T10:31:10","modified_gmt":"2025-04-03T08:31:10","slug":"ateliers","status":"publish","type":"page","link":"https:\/\/cantinamarseille.com\/index.php\/ateliers\/","title":{"rendered":"Ateliers"},"content":{"rendered":"\t\t<div data-elementor-type=\"wp-page\" data-elementor-id=\"344\" class=\"elementor elementor-344\" data-elementor-settings=\"[]\">\n\t\t\t\t\t\t<div class=\"elementor-inner\">\n\t\t\t\t\t\t\t<div class=\"elementor-section-wrap\">\n\t\t\t\t\t\t\t<section class=\"elementor-section elementor-top-section elementor-element elementor-element-66261fa elementor-section-boxed elementor-section-height-default elementor-section-height-default\" data-id=\"66261fa\" data-element_type=\"section\">\n\t\t\t\t\t\t<div class=\"elementor-container elementor-column-gap-default\">\n\t\t\t\t\t\t\t<div class=\"elementor-row\">\n\t\t\t\t\t<div class=\"elementor-column elementor-col-33 elementor-top-column elementor-element elementor-element-f114e40\" data-id=\"f114e40\" data-element_type=\"column\">\n\t\t\t<div class=\"elementor-column-wrap elementor-element-populated\">\n\t\t\t\t\t\t\t<div class=\"elementor-widget-wrap\">\n\t\t\t\t\t\t<div class=\"elementor-element elementor-element-337589e elementor-widget elementor-widget-image\" data-id=\"337589e\" data-element_type=\"widget\" data-widget_type=\"image.default\">\n\t\t\t\t<div class=\"elementor-widget-container\">\n\t\t\t\t\t<div class=\"elementor-image\">\n\t\t\t\t\t\t\t\t\t\t<img loading=\"lazy\" decoding=\"async\" width=\"766\" height=\"1024\" src=\"https:\/\/cantinamarseille.com\/wp-content\/uploads\/2025\/01\/1724851515858-scaled.jpg\" class=\"attachment-large size-large\" alt=\"\" srcset=\"https:\/\/cantinamarseille.com\/wp-content\/uploads\/2025\/01\/1724851515858-scaled.jpg 1916w, https:\/\/cantinamarseille.com\/wp-content\/uploads\/2025\/01\/1724851515858-scaled-600x802.jpg 600w\" sizes=\"auto, (max-width: 766px) 100vw, 766px\" \/>\t\t\t\t\t\t\t\t\t\t\t<\/div>\n\t\t\t\t<\/div>\n\t\t\t\t<\/div>\n\t\t\t\t<div class=\"elementor-element elementor-element-f2376f2 elementor-widget elementor-widget-image\" data-id=\"f2376f2\" data-element_type=\"widget\" data-widget_type=\"image.default\">\n\t\t\t\t<div class=\"elementor-widget-container\">\n\t\t\t\t\t<div class=\"elementor-image\">\n\t\t\t\t\t\t\t\t\t\t<img loading=\"lazy\" decoding=\"async\" width=\"800\" height=\"600\" src=\"https:\/\/cantinamarseille.com\/wp-content\/uploads\/2025\/01\/WhatsApp-Image-2025-01-30-at-10.56.56-1024x768.jpeg\" class=\"attachment-large size-large\" alt=\"\" srcset=\"https:\/\/cantinamarseille.com\/wp-content\/uploads\/2025\/01\/WhatsApp-Image-2025-01-30-at-10.56.56-1024x768.jpeg 1024w, https:\/\/cantinamarseille.com\/wp-content\/uploads\/2025\/01\/WhatsApp-Image-2025-01-30-at-10.56.56-600x450.jpeg 600w, https:\/\/cantinamarseille.com\/wp-content\/uploads\/2025\/01\/WhatsApp-Image-2025-01-30-at-10.56.56-300x225.jpeg 300w, https:\/\/cantinamarseille.com\/wp-content\/uploads\/2025\/01\/WhatsApp-Image-2025-01-30-at-10.56.56-768x576.jpeg 768w, https:\/\/cantinamarseille.com\/wp-content\/uploads\/2025\/01\/WhatsApp-Image-2025-01-30-at-10.56.56-1536x1152.jpeg 1536w, https:\/\/cantinamarseille.com\/wp-content\/uploads\/2025\/01\/WhatsApp-Image-2025-01-30-at-10.56.56.jpeg 1600w\" sizes=\"auto, (max-width: 800px) 100vw, 800px\" \/>\t\t\t\t\t\t\t\t\t\t\t<\/div>\n\t\t\t\t<\/div>\n\t\t\t\t<\/div>\n\t\t\t\t<div class=\"elementor-element elementor-element-b68839d elementor-widget elementor-widget-image\" data-id=\"b68839d\" data-element_type=\"widget\" data-widget_type=\"image.default\">\n\t\t\t\t<div class=\"elementor-widget-container\">\n\t\t\t\t\t<div class=\"elementor-image\">\n\t\t\t\t\t\t\t\t\t\t<img loading=\"lazy\" decoding=\"async\" width=\"800\" height=\"800\" src=\"https:\/\/cantinamarseille.com\/wp-content\/uploads\/2025\/04\/WhatsApp-Image-2025-04-02-at-16.59.18.jpeg\" class=\"attachment-large size-large\" alt=\"\" srcset=\"https:\/\/cantinamarseille.com\/wp-content\/uploads\/2025\/04\/WhatsApp-Image-2025-04-02-at-16.59.18.jpeg 2048w, https:\/\/cantinamarseille.com\/wp-content\/uploads\/2025\/04\/WhatsApp-Image-2025-04-02-at-16.59.18-300x300.jpeg 300w, https:\/\/cantinamarseille.com\/wp-content\/uploads\/2025\/04\/WhatsApp-Image-2025-04-02-at-16.59.18-100x100.jpeg 100w, https:\/\/cantinamarseille.com\/wp-content\/uploads\/2025\/04\/WhatsApp-Image-2025-04-02-at-16.59.18-600x600.jpeg 600w\" sizes=\"auto, (max-width: 800px) 100vw, 800px\" \/>\t\t\t\t\t\t\t\t\t\t\t<\/div>\n\t\t\t\t<\/div>\n\t\t\t\t<\/div>\n\t\t\t\t<div class=\"elementor-element elementor-element-f8dd48b elementor-widget elementor-widget-text-editor\" data-id=\"f8dd48b\" data-element_type=\"widget\" data-widget_type=\"text-editor.default\">\n\t\t\t\t<div class=\"elementor-widget-container\">\n\t\t\t\t\t<div class=\"elementor-text-editor elementor-clearfix\"><h6><span style=\"color: #ff6600;\">Contact<\/span><\/h6><p><strong>Salom\u00e9 Delmotte<\/strong><br \/>salomed@cantinamarseille.com<br \/>07 76 04 57 29<\/p><\/div>\n\t\t\t\t<\/div>\n\t\t\t\t<\/div>\n\t\t\t\t\t\t<\/div>\n\t\t\t\t\t<\/div>\n\t\t<\/div>\n\t\t\t\t<div class=\"elementor-column elementor-col-66 elementor-top-column elementor-element elementor-element-d9ff346\" data-id=\"d9ff346\" data-element_type=\"column\">\n\t\t\t<div class=\"elementor-column-wrap elementor-element-populated\">\n\t\t\t\t\t\t\t<div class=\"elementor-widget-wrap\">\n\t\t\t\t\t\t<div class=\"elementor-element elementor-element-e20faf9 elementor-widget elementor-widget-text-editor\" data-id=\"e20faf9\" data-element_type=\"widget\" data-widget_type=\"text-editor.default\">\n\t\t\t\t<div class=\"elementor-widget-container\">\n\t\t\t\t\t<div class=\"elementor-text-editor elementor-clearfix\"><h2><span style=\"color: #ff6600;\">Ateliers \u00e0 destination des enfants \/ jeunes<\/span><\/h2><p>Cantina a d\u00e9velopp\u00e9 un programme p\u00e9dagogique li\u00e9 aux questions d&#8217;alimentation \u00e0 destination des jeunes de 3 \u00e0 11 ans. C\u2019est un d\u00e9roul\u00e9 modulable, entre 6 et 10 s\u00e9ances d\u2019une heure, permettant d\u2019aborder les questions de la provenance des \u00e9l\u00e9ments de notre alimentation, en particulier des fruits et l\u00e9gumes, en partant de leur production, jusqu\u2019\u00e0 leur consommation. Des interventions ponctuelles sur des aspects sp\u00e9cifiques de l\u2019alimentation ou des s\u00e9ances de cuisine collective sont aussi possibles.<\/p><h6><span style=\"color: #ff6600;\">Les objectifs<\/span><\/h6><p>\u2014 sensibiliser les jeunes aux notions de gaspillage alimentaire et d\u2019alimentation durable (avec la notion de saisonnalit\u00e9 et d\u2019agriculture biologique par exemple) <br \/>\u2014 adapter des outils p\u00e9dagogiques convenables \u00e0 chaque tranche d\u2019\u00e2ge<br \/>\u2014 donner les cl\u00e9s d\u2019une alimentation de qualit\u00e9 et de proximit\u00e9 <br \/>\u2014 proposer des interventions m\u00ealant \u00e0 la fois des savoirs scientifiques (autour de la biologie, botanique et \u00e9conomie) et technique (dans la pratique de la cuisine) <br \/>\u2014 former les \u00e9quipes \u00e9ducatives \u00e0 ces m\u00eames notions<\/p><h2><span data-contrast=\"auto\"><span style=\"color: #ff6600;\">Ateliers \u00e0 destination des adultes<\/span> <\/span><\/h2><p><span data-contrast=\"auto\">Hors milieu scolaire, les ateliers de cuisine collectifs anim\u00e9s par Cantina sont actuellement h\u00e9berg\u00e9s dans la cuisine professionnelle mutualis\u00e9e du &#8220;Plan de A \u00e0 Z&#8221;, tiers lieu culinaire, solidaire et anti-gaspillage dont Cantina est le partenaire principal. <\/span><\/p><p>A destination de personnes h\u00e9berg\u00e9es en h\u00f4tel social notamment, ces ateliers permettent aux participants\u00b7es de venir cuisiner \u00e0 partir des denr\u00e9es fournies par Cantina. Selon les envies, elles choisissent de faire leur propre recette ou bien d&#8217;apprendre une recette propos\u00e9e par l&#8217;animatrice.<\/p><h6><span style=\"color: #ff6600;\">Les objectifs<\/span><\/h6><p>\u2014<span data-contrast=\"auto\"> donner acc\u00e8s \u00e0 une cuisine aux personnes ne disposant pas de cet \u00e9quipement <br \/>\u2014 pr\u00e9parer plusieurs portions \u00e0 ramener chez elles <br \/>\u2014 d\u00e9couvrir des l\u00e9gumes locaux et de saison et \u00e9changer autour des pratiques culinaires<br \/><\/span><\/p><p>Avec l&#8217;acquisition d&#8217;une remorque cuisine v\u00e9lo-tract\u00e9e, l&#8217;association propose \u00e9galement des ateliers cuisine dans l&#8217;espace public, notamment dans les quartiers o\u00f9 se trouvent ses partenaires de l&#8217;aide alimentaire, dans les 1<span data-contrast=\"auto\">er<\/span><span data-contrast=\"auto\"> et 2<\/span><span data-contrast=\"auto\">\u00e8me<\/span><span data-contrast=\"auto\"> arrondissements. <\/span><\/p><p>Ces temps d&#8217;\u00e9changes donnent lieu \u00e0 la conception de fiches recettes collaboratives et permettent l&#8217;acc\u00e8s \u00e0 la pr\u00e9paration de repas sains en autonomie selon les envies et besoins. <span data-ccp-props=\"{\">\u00a0<\/span><\/p><\/div>\n\t\t\t\t<\/div>\n\t\t\t\t<\/div>\n\t\t\t\t\t\t<\/div>\n\t\t\t\t\t<\/div>\n\t\t<\/div>\n\t\t\t\t\t\t\t\t<\/div>\n\t\t\t\t\t<\/div>\n\t\t<\/section>\n\t\t\t\t<section class=\"elementor-section elementor-top-section elementor-element elementor-element-eca6008 elementor-section-boxed elementor-section-height-default elementor-section-height-default\" data-id=\"eca6008\" data-element_type=\"section\">\n\t\t\t\t\t\t<div class=\"elementor-container elementor-column-gap-default\">\n\t\t\t\t\t\t\t<div class=\"elementor-row\">\n\t\t\t\t\t<div class=\"elementor-column elementor-col-100 elementor-top-column elementor-element elementor-element-377d42d\" data-id=\"377d42d\" data-element_type=\"column\">\n\t\t\t<div class=\"elementor-column-wrap elementor-element-populated\">\n\t\t\t\t\t\t\t<div class=\"elementor-widget-wrap\">\n\t\t\t\t\t\t<div class=\"elementor-element elementor-element-b0267c0 elementor-widget elementor-widget-image\" data-id=\"b0267c0\" data-element_type=\"widget\" data-widget_type=\"image.default\">\n\t\t\t\t<div class=\"elementor-widget-container\">\n\t\t\t\t\t<div class=\"elementor-image\">\n\t\t\t\t\t\t\t\t\t\t<img decoding=\"async\" src=\"https:\/\/cantinamarseille.com\/wp-content\/uploads\/2025\/01\/1724851515908-scaled.jpg\" title=\"1724851515908\" alt=\"1724851515908\" \/>\t\t\t\t\t\t\t\t\t\t\t<\/div>\n\t\t\t\t<\/div>\n\t\t\t\t<\/div>\n\t\t\t\t\t\t<\/div>\n\t\t\t\t\t<\/div>\n\t\t<\/div>\n\t\t\t\t\t\t\t\t<\/div>\n\t\t\t\t\t<\/div>\n\t\t<\/section>\n\t\t\t\t<section class=\"elementor-section elementor-top-section elementor-element elementor-element-91e494f elementor-section-boxed elementor-section-height-default elementor-section-height-default\" data-id=\"91e494f\" data-element_type=\"section\">\n\t\t\t\t\t\t<div class=\"elementor-container elementor-column-gap-default\">\n\t\t\t\t\t\t\t<div class=\"elementor-row\">\n\t\t\t\t\t<div class=\"elementor-column elementor-col-50 elementor-top-column elementor-element elementor-element-b379711\" data-id=\"b379711\" data-element_type=\"column\">\n\t\t\t<div class=\"elementor-column-wrap elementor-element-populated\">\n\t\t\t\t\t\t\t<div class=\"elementor-widget-wrap\">\n\t\t\t\t\t\t<div class=\"elementor-element elementor-element-0fe4922 elementor-widget elementor-widget-text-editor\" data-id=\"0fe4922\" data-element_type=\"widget\" data-widget_type=\"text-editor.default\">\n\t\t\t\t<div class=\"elementor-widget-container\">\n\t\t\t\t\t<div class=\"elementor-text-editor elementor-clearfix\"><h2><span style=\"color: #ff6600;\">Exemple d\u2019un d\u00e9roul\u00e9 d\u2019atelier \u00e9coles \u00e9l\u00e9mentaires<\/span><\/h2><p>8 s\u00e9ances x 1h par classe<\/p><p><strong>\u2014 Temps 1 : la germination<\/strong> <br \/><em>Comprendre comment poussent les plantes et reconnaitre diff\u00e9rentes graines, c\u00e9r\u00e9ales et noyaux.<\/em><\/p><p><strong>\u2014 Temps 2 : mise en pratique de la germination<\/strong> <br \/><em>Faire l\u2019exp\u00e9rience de la plantation d\u2019une graine \u00e9tudi\u00e9e \u00e0 la s\u00e9ance pr\u00e9c\u00e9dente.<\/em><\/p><p><strong>\u2014 Temps 3 : Introduction aux diff\u00e9rents l\u00e9gumes selon les cat\u00e9gories<\/strong> <br \/><em>Activit\u00e9 de memory et essai de classification de l\u00e9gumes en fonction de caract\u00e9ristiques communes.<\/em><\/p><\/div>\n\t\t\t\t<\/div>\n\t\t\t\t<\/div>\n\t\t\t\t\t\t<\/div>\n\t\t\t\t\t<\/div>\n\t\t<\/div>\n\t\t\t\t<div class=\"elementor-column elementor-col-50 elementor-top-column elementor-element elementor-element-a12c3d0\" data-id=\"a12c3d0\" data-element_type=\"column\">\n\t\t\t<div class=\"elementor-column-wrap elementor-element-populated\">\n\t\t\t\t\t\t\t<div class=\"elementor-widget-wrap\">\n\t\t\t\t\t\t<div class=\"elementor-element elementor-element-ad8b82b elementor-widget elementor-widget-text-editor\" data-id=\"ad8b82b\" data-element_type=\"widget\" data-widget_type=\"text-editor.default\">\n\t\t\t\t<div class=\"elementor-widget-container\">\n\t\t\t\t\t<div class=\"elementor-text-editor elementor-clearfix\"><p><strong>\u2014 Temps 4 : introduction \u00e0 la saisonnalit\u00e9<\/strong><br \/>Se rendre compte que tous les l\u00e9gumes et fruits ne poussent pas au m\u00eame moment de l\u2019ann\u00e9e.<\/p><p><strong>\u2014 Temps 5 : questions de localit\u00e9<\/strong><br \/>R\u00e9aliser que les fruits (et l\u00e9gumes) qui ne peuvent \u00eatre produits en France sont import\u00e9s d\u2019autres pays, plus ou moins lointains.<\/p><p><strong>\u2014 Temps 6 : La distinction produit brut \/ produit ultra transform\u00e9<\/strong><br \/>Comprendre les diff\u00e9rences dans la production de ces produits, savoir les identifier et discuter des impacts des produits ultra transform\u00e9s (sur l\u2019environnement et notre sant\u00e9).<\/p><p><strong>\u2014 Temps 7 : la pyramide alimentaire<\/strong><br \/>Essayer de s\u2019approprier les recommandations de cet outil pour proposer des id\u00e9es de menus fictifs adapt\u00e9s pour la cantine par exemple.<\/p><p><strong>\u2014 Temps 8 : temps de cuisine collective<\/strong><\/p><\/div>\n\t\t\t\t<\/div>\n\t\t\t\t<\/div>\n\t\t\t\t\t\t<\/div>\n\t\t\t\t\t<\/div>\n\t\t<\/div>\n\t\t\t\t\t\t\t\t<\/div>\n\t\t\t\t\t<\/div>\n\t\t<\/section>\n\t\t\t\t\t\t<\/div>\n\t\t\t\t\t\t<\/div>\n\t\t\t\t\t<\/div>\n\t\t","protected":false},"excerpt":{"rendered":"<p>Contact Salom\u00e9 Delmottesalomed@cantinamarseille.com07 76 04 57 29 Ateliers \u00e0 destination des enfants \/ jeunes Cantina a d\u00e9velopp\u00e9 un programme p\u00e9dagogique li\u00e9 aux questions d&#8217;alimentation \u00e0 destination des jeunes de 3 \u00e0 11 ans. C\u2019est un d\u00e9roul\u00e9 modulable, entre 6 et 10 s\u00e9ances d\u2019une heure, permettant d\u2019aborder les questions de la provenance des \u00e9l\u00e9ments de notre alimentation, en particulier des fruits et l\u00e9gumes, en partant de leur production, jusqu\u2019\u00e0 leur consommation. Des interventions ponctuelles sur des aspects sp\u00e9cifiques de l\u2019alimentation ou des s\u00e9ances de cuisine collective sont aussi possibles. Les objectifs \u2014 sensibiliser les jeunes aux notions de gaspillage alimentaire et d\u2019alimentation durable (avec la notion de saisonnalit\u00e9 et d\u2019agriculture biologique par exemple) \u2014 adapter des outils p\u00e9dagogiques convenables \u00e0 chaque tranche d\u2019\u00e2ge\u2014 donner les cl\u00e9s d\u2019une alimentation de qualit\u00e9 et de proximit\u00e9 \u2014 proposer des interventions m\u00ealant \u00e0 la fois des savoirs scientifiques (autour de la biologie, botanique et \u00e9conomie)&hellip;<\/p>\n<p> <a class=\"more-link\" href=\"https:\/\/cantinamarseille.com\/index.php\/ateliers\/\">Read more<\/a><\/p>\n","protected":false},"author":9,"featured_media":475,"parent":0,"menu_order":0,"comment_status":"closed","ping_status":"closed","template":"","meta":{"_monsterinsights_skip_tracking":false,"_monsterinsights_sitenote_active":false,"_monsterinsights_sitenote_note":"","_monsterinsights_sitenote_category":0,"_uf_show_specific_survey":0,"_uf_disable_surveys":false,"footnotes":""},"class_list":["post-344","page","type-page","status-publish","has-post-thumbnail"],"aioseo_notices":[],"_links":{"self":[{"href":"https:\/\/cantinamarseille.com\/index.php\/wp-json\/wp\/v2\/pages\/344","targetHints":{"allow":["GET"]}}],"collection":[{"href":"https:\/\/cantinamarseille.com\/index.php\/wp-json\/wp\/v2\/pages"}],"about":[{"href":"https:\/\/cantinamarseille.com\/index.php\/wp-json\/wp\/v2\/types\/page"}],"author":[{"embeddable":true,"href":"https:\/\/cantinamarseille.com\/index.php\/wp-json\/wp\/v2\/users\/9"}],"replies":[{"embeddable":true,"href":"https:\/\/cantinamarseille.com\/index.php\/wp-json\/wp\/v2\/comments?post=344"}],"version-history":[{"count":32,"href":"https:\/\/cantinamarseille.com\/index.php\/wp-json\/wp\/v2\/pages\/344\/revisions"}],"predecessor-version":[{"id":485,"href":"https:\/\/cantinamarseille.com\/index.php\/wp-json\/wp\/v2\/pages\/344\/revisions\/485"}],"wp:featuredmedia":[{"embeddable":true,"href":"https:\/\/cantinamarseille.com\/index.php\/wp-json\/wp\/v2\/media\/475"}],"wp:attachment":[{"href":"https:\/\/cantinamarseille.com\/index.php\/wp-json\/wp\/v2\/media?parent=344"}],"curies":[{"name":"wp","href":"https:\/\/api.w.org\/{rel}","templated":true}]}}