{"id":165,"date":"2019-09-19T15:05:34","date_gmt":"2019-09-19T13:05:34","guid":{"rendered":"http:\/\/cantinamarseille.com\/?page_id=165"},"modified":"2019-09-19T16:20:53","modified_gmt":"2019-09-19T14:20:53","slug":"nos-prochains-evenements","status":"publish","type":"page","link":"https:\/\/cantinamarseille.com\/index.php\/nos-prochains-evenements\/","title":{"rendered":"Nos prochains \u00e9v\u00e8nements"},"content":{"rendered":"\t\t<div data-elementor-type=\"wp-post\" data-elementor-id=\"165\" class=\"elementor elementor-165\" data-elementor-settings=\"[]\">\n\t\t\t\t\t\t<div class=\"elementor-inner\">\n\t\t\t\t\t\t\t<div class=\"elementor-section-wrap\">\n\t\t\t\t\t\t\t<section class=\"elementor-section elementor-top-section elementor-element elementor-element-6a73822 elementor-section-boxed elementor-section-height-default elementor-section-height-default\" data-id=\"6a73822\" data-element_type=\"section\">\n\t\t\t\t\t\t<div class=\"elementor-container elementor-column-gap-default\">\n\t\t\t\t\t\t\t<div class=\"elementor-row\">\n\t\t\t\t\t<div class=\"elementor-column elementor-col-33 elementor-top-column elementor-element elementor-element-bc8bd21\" data-id=\"bc8bd21\" data-element_type=\"column\">\n\t\t\t<div class=\"elementor-column-wrap elementor-element-populated\">\n\t\t\t\t\t\t\t<div class=\"elementor-widget-wrap\">\n\t\t\t\t\t\t<div class=\"elementor-element elementor-element-3ea5ab2 elementor-widget elementor-widget-image\" data-id=\"3ea5ab2\" data-element_type=\"widget\" data-widget_type=\"image.default\">\n\t\t\t\t<div class=\"elementor-widget-container\">\n\t\t\t\t\t<div class=\"elementor-image\">\n\t\t\t\t\t\t\t\t\t\t<img loading=\"lazy\" decoding=\"async\" width=\"100\" height=\"100\" src=\"https:\/\/cantinamarseille.com\/wp-content\/uploads\/2019\/09\/23754775_2106386132930796_7003735493126317589_n-150x150.jpg\" class=\"attachment-thumbnail size-thumbnail\" alt=\"\" srcset=\"https:\/\/cantinamarseille.com\/wp-content\/uploads\/2019\/09\/23754775_2106386132930796_7003735493126317589_n-150x150.jpg 150w, https:\/\/cantinamarseille.com\/wp-content\/uploads\/2019\/09\/23754775_2106386132930796_7003735493126317589_n-100x100.jpg 100w, https:\/\/cantinamarseille.com\/wp-content\/uploads\/2019\/09\/23754775_2106386132930796_7003735493126317589_n.jpg 170w\" sizes=\"auto, (max-width: 100px) 100vw, 100px\" \/>\t\t\t\t\t\t\t\t\t\t\t<\/div>\n\t\t\t\t<\/div>\n\t\t\t\t<\/div>\n\t\t\t\t\t\t<\/div>\n\t\t\t\t\t<\/div>\n\t\t<\/div>\n\t\t\t\t<div class=\"elementor-column elementor-col-66 elementor-top-column elementor-element elementor-element-c3115bc\" data-id=\"c3115bc\" data-element_type=\"column\">\n\t\t\t<div class=\"elementor-column-wrap elementor-element-populated\">\n\t\t\t\t\t\t\t<div class=\"elementor-widget-wrap\">\n\t\t\t\t\t\t<div class=\"elementor-element elementor-element-8718696 elementor-widget elementor-widget-text-editor\" data-id=\"8718696\" data-element_type=\"widget\" data-widget_type=\"text-editor.default\">\n\t\t\t\t<div class=\"elementor-widget-container\">\n\t\t\t\t\t<div class=\"elementor-text-editor elementor-clearfix\"><ul>\n<li><b>Vendredi et samedi 20 et 21 septembre<\/b> pour la f\u00eate de la Marmite &#8211; La Marmite Joyeuse &#8211; 33 Boulevard National, 13001 Marseille\u00a0<\/li>\n<\/ul><\/div>\n\t\t\t\t<\/div>\n\t\t\t\t<\/div>\n\t\t\t\t\t\t<\/div>\n\t\t\t\t\t<\/div>\n\t\t<\/div>\n\t\t\t\t\t\t\t\t<\/div>\n\t\t\t\t\t<\/div>\n\t\t<\/section>\n\t\t\t\t<section class=\"elementor-section elementor-top-section elementor-element elementor-element-c92205e elementor-section-boxed elementor-section-height-default elementor-section-height-default\" data-id=\"c92205e\" data-element_type=\"section\">\n\t\t\t\t\t\t<div class=\"elementor-container elementor-column-gap-default\">\n\t\t\t\t\t\t\t<div class=\"elementor-row\">\n\t\t\t\t\t<div class=\"elementor-column elementor-col-33 elementor-top-column elementor-element elementor-element-caf60b5\" data-id=\"caf60b5\" data-element_type=\"column\">\n\t\t\t<div class=\"elementor-column-wrap elementor-element-populated\">\n\t\t\t\t\t\t\t<div class=\"elementor-widget-wrap\">\n\t\t\t\t\t\t<div class=\"elementor-element elementor-element-071d687 elementor-widget elementor-widget-image\" data-id=\"071d687\" data-element_type=\"widget\" data-widget_type=\"image.default\">\n\t\t\t\t<div class=\"elementor-widget-container\">\n\t\t\t\t\t<div class=\"elementor-image\">\n\t\t\t\t\t\t\t\t\t\t<img loading=\"lazy\" decoding=\"async\" width=\"100\" height=\"100\" src=\"https:\/\/cantinamarseille.com\/wp-content\/uploads\/2019\/09\/57119659_1141808349323673_5942723579190706176_o-150x150.jpg\" class=\"attachment-thumbnail size-thumbnail\" alt=\"\" srcset=\"https:\/\/cantinamarseille.com\/wp-content\/uploads\/2019\/09\/57119659_1141808349323673_5942723579190706176_o-150x150.jpg 150w, https:\/\/cantinamarseille.com\/wp-content\/uploads\/2019\/09\/57119659_1141808349323673_5942723579190706176_o-300x300.jpg 300w, https:\/\/cantinamarseille.com\/wp-content\/uploads\/2019\/09\/57119659_1141808349323673_5942723579190706176_o-100x100.jpg 100w, https:\/\/cantinamarseille.com\/wp-content\/uploads\/2019\/09\/57119659_1141808349323673_5942723579190706176_o-600x600.jpg 600w, https:\/\/cantinamarseille.com\/wp-content\/uploads\/2019\/09\/57119659_1141808349323673_5942723579190706176_o-768x768.jpg 768w, https:\/\/cantinamarseille.com\/wp-content\/uploads\/2019\/09\/57119659_1141808349323673_5942723579190706176_o-1024x1024.jpg 1024w, https:\/\/cantinamarseille.com\/wp-content\/uploads\/2019\/09\/57119659_1141808349323673_5942723579190706176_o.jpg 1170w\" sizes=\"auto, (max-width: 100px) 100vw, 100px\" \/>\t\t\t\t\t\t\t\t\t\t\t<\/div>\n\t\t\t\t<\/div>\n\t\t\t\t<\/div>\n\t\t\t\t\t\t<\/div>\n\t\t\t\t\t<\/div>\n\t\t<\/div>\n\t\t\t\t<div class=\"elementor-column elementor-col-66 elementor-top-column elementor-element elementor-element-f101c97\" data-id=\"f101c97\" data-element_type=\"column\">\n\t\t\t<div class=\"elementor-column-wrap elementor-element-populated\">\n\t\t\t\t\t\t\t<div class=\"elementor-widget-wrap\">\n\t\t\t\t\t\t<div class=\"elementor-element elementor-element-dff8a42 elementor-widget elementor-widget-text-editor\" data-id=\"dff8a42\" data-element_type=\"widget\" data-widget_type=\"text-editor.default\">\n\t\t\t\t<div class=\"elementor-widget-container\">\n\t\t\t\t\t<div class=\"elementor-text-editor elementor-clearfix\"><p style=\"box-sizing: border-box; color: #7a7a7a; font-family: Roboto, sans-serif; font-size: 15px; font-style: normal; font-variant-ligatures: normal; font-variant-caps: normal; font-weight: 400; letter-spacing: normal; orphans: 2; text-align: start; text-indent: 0px; text-transform: none; white-space: normal; widows: 2; word-spacing: 0px; -webkit-text-stroke-width: 0px; background-color: #ffffff; text-decoration-style: initial; text-decoration-color: initial;\">\u00a0<\/p>\n<ul style=\"box-sizing: border-box; margin: 0.5em 1.5em; padding: 0px; color: #7a7a7a; font-family: Roboto, sans-serif; font-size: 15px; font-style: normal; font-variant-ligatures: normal; font-variant-caps: normal; letter-spacing: normal; orphans: 2; text-align: start; text-indent: 0px; text-transform: none; white-space: normal; widows: 2; word-spacing: 0px; -webkit-text-stroke-width: 0px; background-color: #ffffff; text-decoration-style: initial; text-decoration-color: initial;\">\n<li style=\"box-sizing: border-box; padding: 0.2em 0px;\"><b>Dimanche 29 septembre<\/b> lors de la 3\u00e8me \u00e9dition de l&#8217;Odyss\u00e9e Massalia, comp\u00e9tition de natation en eau libre pour l&#8217;environnement &#8211; Les Goudes, 13009 Marseille<\/li>\n<\/ul><\/div>\n\t\t\t\t<\/div>\n\t\t\t\t<\/div>\n\t\t\t\t\t\t<\/div>\n\t\t\t\t\t<\/div>\n\t\t<\/div>\n\t\t\t\t\t\t\t\t<\/div>\n\t\t\t\t\t<\/div>\n\t\t<\/section>\n\t\t\t\t<section class=\"elementor-section elementor-top-section elementor-element elementor-element-2bfa313 elementor-section-boxed elementor-section-height-default elementor-section-height-default\" data-id=\"2bfa313\" data-element_type=\"section\">\n\t\t\t\t\t\t<div class=\"elementor-container elementor-column-gap-default\">\n\t\t\t\t\t\t\t<div class=\"elementor-row\">\n\t\t\t\t\t<div class=\"elementor-column elementor-col-33 elementor-top-column elementor-element elementor-element-471c0fc\" data-id=\"471c0fc\" data-element_type=\"column\">\n\t\t\t<div class=\"elementor-column-wrap elementor-element-populated\">\n\t\t\t\t\t\t\t<div class=\"elementor-widget-wrap\">\n\t\t\t\t\t\t<div class=\"elementor-element elementor-element-943dede elementor-widget elementor-widget-image\" data-id=\"943dede\" data-element_type=\"widget\" data-widget_type=\"image.default\">\n\t\t\t\t<div class=\"elementor-widget-container\">\n\t\t\t\t\t<div class=\"elementor-image\">\n\t\t\t\t\t\t\t\t\t\t<img loading=\"lazy\" decoding=\"async\" width=\"100\" height=\"100\" src=\"https:\/\/cantinamarseille.com\/wp-content\/uploads\/2019\/09\/14500367_1190855204291168_5135025098610482169_o-150x150.jpg\" class=\"attachment-thumbnail size-thumbnail\" alt=\"\" srcset=\"https:\/\/cantinamarseille.com\/wp-content\/uploads\/2019\/09\/14500367_1190855204291168_5135025098610482169_o-150x150.jpg 150w, https:\/\/cantinamarseille.com\/wp-content\/uploads\/2019\/09\/14500367_1190855204291168_5135025098610482169_o-300x300.jpg 300w, https:\/\/cantinamarseille.com\/wp-content\/uploads\/2019\/09\/14500367_1190855204291168_5135025098610482169_o-100x100.jpg 100w, https:\/\/cantinamarseille.com\/wp-content\/uploads\/2019\/09\/14500367_1190855204291168_5135025098610482169_o-600x600.jpg 600w, https:\/\/cantinamarseille.com\/wp-content\/uploads\/2019\/09\/14500367_1190855204291168_5135025098610482169_o-768x768.jpg 768w, https:\/\/cantinamarseille.com\/wp-content\/uploads\/2019\/09\/14500367_1190855204291168_5135025098610482169_o-1024x1024.jpg 1024w, https:\/\/cantinamarseille.com\/wp-content\/uploads\/2019\/09\/14500367_1190855204291168_5135025098610482169_o.jpg 1181w\" sizes=\"auto, (max-width: 100px) 100vw, 100px\" \/>\t\t\t\t\t\t\t\t\t\t\t<\/div>\n\t\t\t\t<\/div>\n\t\t\t\t<\/div>\n\t\t\t\t\t\t<\/div>\n\t\t\t\t\t<\/div>\n\t\t<\/div>\n\t\t\t\t<div class=\"elementor-column elementor-col-66 elementor-top-column elementor-element elementor-element-f04b891\" data-id=\"f04b891\" data-element_type=\"column\">\n\t\t\t<div class=\"elementor-column-wrap elementor-element-populated\">\n\t\t\t\t\t\t\t<div class=\"elementor-widget-wrap\">\n\t\t\t\t\t\t<div class=\"elementor-element elementor-element-4950172 elementor-widget elementor-widget-text-editor\" data-id=\"4950172\" data-element_type=\"widget\" data-widget_type=\"text-editor.default\">\n\t\t\t\t<div class=\"elementor-widget-container\">\n\t\t\t\t\t<div class=\"elementor-text-editor elementor-clearfix\"><p style=\"box-sizing: border-box; color: #7a7a7a; font-family: Roboto, sans-serif; font-size: 15px; font-style: normal; font-variant-ligatures: normal; font-variant-caps: normal; font-weight: 400; letter-spacing: normal; orphans: 2; text-align: start; text-indent: 0px; text-transform: none; white-space: normal; widows: 2; word-spacing: 0px; -webkit-text-stroke-width: 0px; background-color: #ffffff; text-decoration-style: initial; text-decoration-color: initial;\">\u00a0<\/p>\n<ul style=\"box-sizing: border-box; margin: 0.5em 1.5em; padding: 0px; color: #7a7a7a; font-family: Roboto, sans-serif; font-size: 15px; font-style: normal; font-variant-ligatures: normal; font-variant-caps: normal; letter-spacing: normal; orphans: 2; text-align: start; text-indent: 0px; text-transform: none; white-space: normal; widows: 2; word-spacing: 0px; -webkit-text-stroke-width: 0px; background-color: #ffffff; text-decoration-style: initial; text-decoration-color: initial;\">\n<li style=\"box-sizing: border-box; padding: 0.2em 0px;\">Retrouvez-nous tous les <b>premiers mardis du mois<\/b> pour une cantine solidaire au Dar Lamifa \u00e0 partir du mois de novembre &#8211; Dar Lamifa &#8211; 127 Rue d&#8217;Aubagne, 13006 Marseille<\/li>\n<\/ul><\/div>\n\t\t\t\t<\/div>\n\t\t\t\t<\/div>\n\t\t\t\t\t\t<\/div>\n\t\t\t\t\t<\/div>\n\t\t<\/div>\n\t\t\t\t\t\t\t\t<\/div>\n\t\t\t\t\t<\/div>\n\t\t<\/section>\n\t\t\t\t\t\t<\/div>\n\t\t\t\t\t\t<\/div>\n\t\t\t\t\t<\/div>\n\t\t","protected":false},"excerpt":{"rendered":"<p>Vendredi et samedi 20 et 21 septembre pour la f\u00eate de la Marmite &#8211; La Marmite Joyeuse &#8211; 33 Boulevard National, 13001 Marseille&nbsp; Dimanche 29 septembre lors de la 3\u00e8me \u00e9dition de l&#8217;Odyss\u00e9e Massalia, comp\u00e9tition de natation en eau libre pour l&#8217;environnement &#8211; Les Goudes, 13009 Marseille Retrouvez-nous tous les premiers mardis du mois pour une cantine solidaire au Dar Lamifa \u00e0 partir du mois de novembre &#8211; Dar Lamifa &#8211; 127 Rue d&#8217;Aubagne, 13006 Marseille<\/p>\n","protected":false},"author":1,"featured_media":44,"parent":0,"menu_order":0,"comment_status":"closed","ping_status":"closed","template":"","meta":{"_monsterinsights_skip_tracking":false,"_monsterinsights_sitenote_active":false,"_monsterinsights_sitenote_note":"","_monsterinsights_sitenote_category":0,"_uf_show_specific_survey":0,"_uf_disable_surveys":false,"footnotes":""},"class_list":["post-165","page","type-page","status-publish","has-post-thumbnail"],"aioseo_notices":[],"_links":{"self":[{"href":"https:\/\/cantinamarseille.com\/index.php\/wp-json\/wp\/v2\/pages\/165","targetHints":{"allow":["GET"]}}],"collection":[{"href":"https:\/\/cantinamarseille.com\/index.php\/wp-json\/wp\/v2\/pages"}],"about":[{"href":"https:\/\/cantinamarseille.com\/index.php\/wp-json\/wp\/v2\/types\/page"}],"author":[{"embeddable":true,"href":"https:\/\/cantinamarseille.com\/index.php\/wp-json\/wp\/v2\/users\/1"}],"replies":[{"embeddable":true,"href":"https:\/\/cantinamarseille.com\/index.php\/wp-json\/wp\/v2\/comments?post=165"}],"version-history":[{"count":4,"href":"https:\/\/cantinamarseille.com\/index.php\/wp-json\/wp\/v2\/pages\/165\/revisions"}],"predecessor-version":[{"id":218,"href":"https:\/\/cantinamarseille.com\/index.php\/wp-json\/wp\/v2\/pages\/165\/revisions\/218"}],"wp:featuredmedia":[{"embeddable":true,"href":"https:\/\/cantinamarseille.com\/index.php\/wp-json\/wp\/v2\/media\/44"}],"wp:attachment":[{"href":"https:\/\/cantinamarseille.com\/index.php\/wp-json\/wp\/v2\/media?parent=165"}],"curies":[{"name":"wp","href":"https:\/\/api.w.org\/{rel}","templated":true}]}}